{"id":98564,"date":"2023-09-01T12:50:04","date_gmt":"2023-09-01T17:50:04","guid":{"rendered":"https:\/\/adhoc-architectes.com\/portfolio\/marin\/"},"modified":"2024-12-10T13:53:12","modified_gmt":"2024-12-10T18:53:12","slug":"marin","status":"publish","type":"portfolio","link":"https:\/\/adhoc-architectes.com\/en\/portfolio\/marin\/","title":{"rendered":"MARIN"},"content":{"rendered":"","protected":false},"excerpt":{"rendered":"<p><a class=\"btn_back\" href=\"\/en\/projects\/\"><i class=\"fa fa-long-arrow-left\" style=\"font-size:48px;\"><\/i><\/a><\/p>\n<h1 class=\"sous-titre\">MARIN<\/h1>\n<p><strong class=\"sous-sous-titre\">USAGE<\/strong> 4 housing units, residential<br \/>\n<strong class=\"sous-sous-titre\">STATUS<\/strong> In design<br \/>\n<strong class=\"sous-sous-titre\">LOCATION<\/strong> Avenue Marin, Montr\u00e9al, Qc, Canada<br \/>\n45\u00b048&#8217;41.7&#8243;N 73\u00b058&#8217;07.8&#8243;W<br \/>\n<\/p>\n<h2 class=\"sous-titre margetitle3\"> CONCEPT <\/h2>\n<p>The project seeks to preserve the architectural character of Avenue Marin. Incorporating several elements of the borough\u2019s built heritage, the project blends into the existing urban landscape without distorting it.<br \/>\nThe project is inspired by its context. It respects the grid, gauge and sequence of the buildings on the street. In addition to its homogeneous composition, Avenue Marin is rich in architectural detail. Brickwork, for example, reinterprets the artisanal character of the buildings in a contemporary way. The color of the brick lends the project a sobriety that enhances its contemporary architecture. The richness of the project lies in the finesse of the details.<\/p>\n<h2 class=\"sous-titre margetitle3\">ADHOC TEAM<\/h2>\n<p>Jean-Fran\u00e7ois St-Onge \/ Architect, Creative Director<br \/>\nFran\u00e7ois Martineau \/ Architect, Technical Manager<br \/>\nRoxanne Boilard-Pesant \/ Architect, Project Manager<br \/>\nLaurence St-Aubin \/ Architect<br \/>\nChristian Masse \/ Senior Technologist, Technical Manager<br \/>\nSarah Lord \/ Interior Designer<\/p>\n<h2 class=\"sous-titre margetitle3\">Collaborators<\/h2>\n<p>L2C \/ Structural consultants<\/p>\n","protected":false},"author":10,"featured_media":98335,"parent":0,"menu_order":78,"template":"","meta":{"_acf_changed":false,"footnotes":""},"portfolio_category":[143,146],"class_list":["post-98564","portfolio","type-portfolio","status-publish","has-post-thumbnail","hentry","portfolio_category-multiresidential","portfolio_category-interior-design"],"acf":[],"yoast_head":"<!-- This site is optimized with the Yoast SEO plugin v27.3 - https:\/\/yoast.com\/product\/yoast-seo-wordpress\/ -->\n<title>MARIN | ADHOC Architectes<\/title>\n<meta name=\"description\" content=\"Le travail de la brique r\u00e9interpr\u00e8te de fa\u00e7on contemporaine le caract\u00e8re artisanal des b\u00e2timents de l\u2019\u00e9poque.\" \/>\n<meta name=\"robots\" content=\"index, follow, max-snippet:-1, max-image-preview:large, max-video-preview:-1\" \/>\n<link rel=\"canonical\" href=\"https:\/\/adhoc-architectes.com\/en\/portfolio\/marin\/\" \/>\n<meta property=\"og:locale\" content=\"en_US\" \/>\n<meta property=\"og:type\" content=\"article\" \/>\n<meta property=\"og:title\" content=\"MARIN | ADHOC Architectes\" \/>\n<meta property=\"og:description\" content=\"Le travail de la brique r\u00e9interpr\u00e8te de fa\u00e7on contemporaine le caract\u00e8re artisanal des b\u00e2timents de l\u2019\u00e9poque.\" \/>\n<meta property=\"og:url\" content=\"https:\/\/adhoc-architectes.com\/en\/portfolio\/marin\/\" \/>\n<meta property=\"og:site_name\" content=\"ADHOC Architectes\" \/>\n<meta property=\"article:publisher\" content=\"https:\/\/www.facebook.com\/adhoc.architectes\" \/>\n<meta property=\"article:modified_time\" content=\"2024-12-10T18:53:12+00:00\" \/>\n<meta property=\"og:image\" content=\"https:\/\/adhoc-architectes.com\/wp-content\/uploads\/2023\/09\/ADHOC_MARIN_03_VUE-cuisine_OneirosStudio.jpg\" \/>\n\t<meta property=\"og:image:width\" content=\"2500\" \/>\n\t<meta property=\"og:image:height\" content=\"1618\" \/>\n\t<meta property=\"og:image:type\" content=\"image\/jpeg\" \/>\n<meta name=\"twitter:card\" content=\"summary_large_image\" \/>\n<meta name=\"twitter:label1\" content=\"Est. reading time\" \/>\n\t<meta name=\"twitter:data1\" content=\"1 minute\" \/>\n<script type=\"application\/ld+json\" class=\"yoast-schema-graph\">{\"@context\":\"https:\\\/\\\/schema.org\",\"@graph\":[{\"@type\":\"WebPage\",\"@id\":\"https:\\\/\\\/adhoc-architectes.com\\\/en\\\/portfolio\\\/marin\\\/\",\"url\":\"https:\\\/\\\/adhoc-architectes.com\\\/en\\\/portfolio\\\/marin\\\/\",\"name\":\"MARIN | ADHOC Architectes\",\"isPartOf\":{\"@id\":\"https:\\\/\\\/adhoc-architectes.com\\\/en\\\/#website\"},\"primaryImageOfPage\":{\"@id\":\"https:\\\/\\\/adhoc-architectes.com\\\/en\\\/portfolio\\\/marin\\\/#primaryimage\"},\"image\":{\"@id\":\"https:\\\/\\\/adhoc-architectes.com\\\/en\\\/portfolio\\\/marin\\\/#primaryimage\"},\"thumbnailUrl\":\"https:\\\/\\\/adhoc-architectes.com\\\/wp-content\\\/uploads\\\/2023\\\/09\\\/ADHOC_MARIN_03_VUE-cuisine_OneirosStudio.jpg\",\"datePublished\":\"2023-09-01T17:50:04+00:00\",\"dateModified\":\"2024-12-10T18:53:12+00:00\",\"description\":\"Le travail de la brique r\u00e9interpr\u00e8te de fa\u00e7on contemporaine le caract\u00e8re artisanal des b\u00e2timents de l\u2019\u00e9poque.\",\"breadcrumb\":{\"@id\":\"https:\\\/\\\/adhoc-architectes.com\\\/en\\\/portfolio\\\/marin\\\/#breadcrumb\"},\"inLanguage\":\"en-US\",\"potentialAction\":[{\"@type\":\"ReadAction\",\"target\":[\"https:\\\/\\\/adhoc-architectes.com\\\/en\\\/portfolio\\\/marin\\\/\"]}]},{\"@type\":\"ImageObject\",\"inLanguage\":\"en-US\",\"@id\":\"https:\\\/\\\/adhoc-architectes.com\\\/en\\\/portfolio\\\/marin\\\/#primaryimage\",\"url\":\"https:\\\/\\\/adhoc-architectes.com\\\/wp-content\\\/uploads\\\/2023\\\/09\\\/ADHOC_MARIN_03_VUE-cuisine_OneirosStudio.jpg\",\"contentUrl\":\"https:\\\/\\\/adhoc-architectes.com\\\/wp-content\\\/uploads\\\/2023\\\/09\\\/ADHOC_MARIN_03_VUE-cuisine_OneirosStudio.jpg\",\"width\":2500,\"height\":1618},{\"@type\":\"BreadcrumbList\",\"@id\":\"https:\\\/\\\/adhoc-architectes.com\\\/en\\\/portfolio\\\/marin\\\/#breadcrumb\",\"itemListElement\":[{\"@type\":\"ListItem\",\"position\":1,\"name\":\"Accueil\",\"item\":\"https:\\\/\\\/adhoc-architectes.com\\\/en\\\/\"},{\"@type\":\"ListItem\",\"position\":2,\"name\":\"Portfolio\",\"item\":\"https:\\\/\\\/adhoc-architectes.com\\\/en\\\/portfolio\\\/\"},{\"@type\":\"ListItem\",\"position\":3,\"name\":\"MARIN\"}]},{\"@type\":\"WebSite\",\"@id\":\"https:\\\/\\\/adhoc-architectes.com\\\/en\\\/#website\",\"url\":\"https:\\\/\\\/adhoc-architectes.com\\\/en\\\/\",\"name\":\"ADHOC Architectes\",\"description\":\"\",\"publisher\":{\"@id\":\"https:\\\/\\\/adhoc-architectes.com\\\/en\\\/#organization\"},\"potentialAction\":[{\"@type\":\"SearchAction\",\"target\":{\"@type\":\"EntryPoint\",\"urlTemplate\":\"https:\\\/\\\/adhoc-architectes.com\\\/en\\\/?s={search_term_string}\"},\"query-input\":{\"@type\":\"PropertyValueSpecification\",\"valueRequired\":true,\"valueName\":\"search_term_string\"}}],\"inLanguage\":\"en-US\"},{\"@type\":\"Organization\",\"@id\":\"https:\\\/\\\/adhoc-architectes.com\\\/en\\\/#organization\",\"name\":\"ADHOC Architectes\",\"url\":\"https:\\\/\\\/adhoc-architectes.com\\\/en\\\/\",\"logo\":{\"@type\":\"ImageObject\",\"inLanguage\":\"en-US\",\"@id\":\"https:\\\/\\\/adhoc-architectes.com\\\/en\\\/#\\\/schema\\\/logo\\\/image\\\/\",\"url\":\"https:\\\/\\\/adhoc-architectes.com\\\/wp-content\\\/uploads\\\/2015\\\/04\\\/ADHOC_FOOTER_95procent-4.jpg\",\"contentUrl\":\"https:\\\/\\\/adhoc-architectes.com\\\/wp-content\\\/uploads\\\/2015\\\/04\\\/ADHOC_FOOTER_95procent-4.jpg\",\"width\":395,\"height\":396,\"caption\":\"ADHOC Architectes\"},\"image\":{\"@id\":\"https:\\\/\\\/adhoc-architectes.com\\\/en\\\/#\\\/schema\\\/logo\\\/image\\\/\"},\"sameAs\":[\"https:\\\/\\\/www.facebook.com\\\/adhoc.architectes\",\"https:\\\/\\\/www.instagram.com\\\/adhocarchitectes\\\/?hl=fr-ca\",\"https:\\\/\\\/www.linkedin.com\\\/company\\\/adhoc-architectes\\\/\",\"https:\\\/\\\/www.pinterest.ca\\\/adhoca\\\/_created\\\/\",\"https:\\\/\\\/www.youtube.com\\\/channel\\\/UCrXda1ZnozNhAUV1A-XR7yA\\\/featured\"]}]}<\/script>\n<!-- \/ Yoast SEO plugin. -->","yoast_head_json":{"title":"MARIN | ADHOC Architectes","description":"Le travail de la brique r\u00e9interpr\u00e8te de fa\u00e7on contemporaine le caract\u00e8re artisanal des b\u00e2timents de l\u2019\u00e9poque.","robots":{"index":"index","follow":"follow","max-snippet":"max-snippet:-1","max-image-preview":"max-image-preview:large","max-video-preview":"max-video-preview:-1"},"canonical":"https:\/\/adhoc-architectes.com\/en\/portfolio\/marin\/","og_locale":"en_US","og_type":"article","og_title":"MARIN | ADHOC Architectes","og_description":"Le travail de la brique r\u00e9interpr\u00e8te de fa\u00e7on contemporaine le caract\u00e8re artisanal des b\u00e2timents de l\u2019\u00e9poque.","og_url":"https:\/\/adhoc-architectes.com\/en\/portfolio\/marin\/","og_site_name":"ADHOC Architectes","article_publisher":"https:\/\/www.facebook.com\/adhoc.architectes","article_modified_time":"2024-12-10T18:53:12+00:00","og_image":[{"width":2500,"height":1618,"url":"https:\/\/adhoc-architectes.com\/wp-content\/uploads\/2023\/09\/ADHOC_MARIN_03_VUE-cuisine_OneirosStudio.jpg","type":"image\/jpeg"}],"twitter_card":"summary_large_image","twitter_misc":{"Est. reading time":"1 minute"},"schema":{"@context":"https:\/\/schema.org","@graph":[{"@type":"WebPage","@id":"https:\/\/adhoc-architectes.com\/en\/portfolio\/marin\/","url":"https:\/\/adhoc-architectes.com\/en\/portfolio\/marin\/","name":"MARIN | ADHOC Architectes","isPartOf":{"@id":"https:\/\/adhoc-architectes.com\/en\/#website"},"primaryImageOfPage":{"@id":"https:\/\/adhoc-architectes.com\/en\/portfolio\/marin\/#primaryimage"},"image":{"@id":"https:\/\/adhoc-architectes.com\/en\/portfolio\/marin\/#primaryimage"},"thumbnailUrl":"https:\/\/adhoc-architectes.com\/wp-content\/uploads\/2023\/09\/ADHOC_MARIN_03_VUE-cuisine_OneirosStudio.jpg","datePublished":"2023-09-01T17:50:04+00:00","dateModified":"2024-12-10T18:53:12+00:00","description":"Le travail de la brique r\u00e9interpr\u00e8te de fa\u00e7on contemporaine le caract\u00e8re artisanal des b\u00e2timents de l\u2019\u00e9poque.","breadcrumb":{"@id":"https:\/\/adhoc-architectes.com\/en\/portfolio\/marin\/#breadcrumb"},"inLanguage":"en-US","potentialAction":[{"@type":"ReadAction","target":["https:\/\/adhoc-architectes.com\/en\/portfolio\/marin\/"]}]},{"@type":"ImageObject","inLanguage":"en-US","@id":"https:\/\/adhoc-architectes.com\/en\/portfolio\/marin\/#primaryimage","url":"https:\/\/adhoc-architectes.com\/wp-content\/uploads\/2023\/09\/ADHOC_MARIN_03_VUE-cuisine_OneirosStudio.jpg","contentUrl":"https:\/\/adhoc-architectes.com\/wp-content\/uploads\/2023\/09\/ADHOC_MARIN_03_VUE-cuisine_OneirosStudio.jpg","width":2500,"height":1618},{"@type":"BreadcrumbList","@id":"https:\/\/adhoc-architectes.com\/en\/portfolio\/marin\/#breadcrumb","itemListElement":[{"@type":"ListItem","position":1,"name":"Accueil","item":"https:\/\/adhoc-architectes.com\/en\/"},{"@type":"ListItem","position":2,"name":"Portfolio","item":"https:\/\/adhoc-architectes.com\/en\/portfolio\/"},{"@type":"ListItem","position":3,"name":"MARIN"}]},{"@type":"WebSite","@id":"https:\/\/adhoc-architectes.com\/en\/#website","url":"https:\/\/adhoc-architectes.com\/en\/","name":"ADHOC Architectes","description":"","publisher":{"@id":"https:\/\/adhoc-architectes.com\/en\/#organization"},"potentialAction":[{"@type":"SearchAction","target":{"@type":"EntryPoint","urlTemplate":"https:\/\/adhoc-architectes.com\/en\/?s={search_term_string}"},"query-input":{"@type":"PropertyValueSpecification","valueRequired":true,"valueName":"search_term_string"}}],"inLanguage":"en-US"},{"@type":"Organization","@id":"https:\/\/adhoc-architectes.com\/en\/#organization","name":"ADHOC Architectes","url":"https:\/\/adhoc-architectes.com\/en\/","logo":{"@type":"ImageObject","inLanguage":"en-US","@id":"https:\/\/adhoc-architectes.com\/en\/#\/schema\/logo\/image\/","url":"https:\/\/adhoc-architectes.com\/wp-content\/uploads\/2015\/04\/ADHOC_FOOTER_95procent-4.jpg","contentUrl":"https:\/\/adhoc-architectes.com\/wp-content\/uploads\/2015\/04\/ADHOC_FOOTER_95procent-4.jpg","width":395,"height":396,"caption":"ADHOC Architectes"},"image":{"@id":"https:\/\/adhoc-architectes.com\/en\/#\/schema\/logo\/image\/"},"sameAs":["https:\/\/www.facebook.com\/adhoc.architectes","https:\/\/www.instagram.com\/adhocarchitectes\/?hl=fr-ca","https:\/\/www.linkedin.com\/company\/adhoc-architectes\/","https:\/\/www.pinterest.ca\/adhoca\/_created\/","https:\/\/www.youtube.com\/channel\/UCrXda1ZnozNhAUV1A-XR7yA\/featured"]}]}},"_links":{"self":[{"href":"https:\/\/adhoc-architectes.com\/en\/wp-json\/wp\/v2\/portfolio\/98564","targetHints":{"allow":["GET"]}}],"collection":[{"href":"https:\/\/adhoc-architectes.com\/en\/wp-json\/wp\/v2\/portfolio"}],"about":[{"href":"https:\/\/adhoc-architectes.com\/en\/wp-json\/wp\/v2\/types\/portfolio"}],"author":[{"embeddable":true,"href":"https:\/\/adhoc-architectes.com\/en\/wp-json\/wp\/v2\/users\/10"}],"version-history":[{"count":6,"href":"https:\/\/adhoc-architectes.com\/en\/wp-json\/wp\/v2\/portfolio\/98564\/revisions"}],"predecessor-version":[{"id":99892,"href":"https:\/\/adhoc-architectes.com\/en\/wp-json\/wp\/v2\/portfolio\/98564\/revisions\/99892"}],"wp:featuredmedia":[{"embeddable":true,"href":"https:\/\/adhoc-architectes.com\/en\/wp-json\/wp\/v2\/media\/98335"}],"wp:attachment":[{"href":"https:\/\/adhoc-architectes.com\/en\/wp-json\/wp\/v2\/media?parent=98564"}],"wp:term":[{"taxonomy":"portfolio_category","embeddable":true,"href":"https:\/\/adhoc-architectes.com\/en\/wp-json\/wp\/v2\/portfolio_category?post=98564"}],"curies":[{"name":"wp","href":"https:\/\/api.w.org\/{rel}","templated":true}]}}

<p><a class="btn_back" href="/en/projects/"><i class="fa fa-long-arrow-left" style="font-size:48px;"></i></a></p>
<h1 class="sous-titre">MARIN</h1>
<p><strong class="sous-sous-titre">USAGE</strong> 4 housing units, residential<br />
<strong class="sous-sous-titre">STATUS</strong> In design<br />
<strong class="sous-sous-titre">LOCATION</strong> Avenue Marin, Montréal, Qc, Canada<br />
45°48&#8217;41.7&#8243;N 73°58&#8217;07.8&#8243;W<br />
</p>
<h2 class="sous-titre margetitle3"> CONCEPT </h2>
<p>The project seeks to preserve the architectural character of Avenue Marin. Incorporating several elements of the borough’s built heritage, the project blends into the existing urban landscape without distorting it.<br />
The project is inspired by its context. It respects the grid, gauge and sequence of the buildings on the street. In addition to its homogeneous composition, Avenue Marin is rich in architectural detail. Brickwork, for example, reinterprets the artisanal character of the buildings in a contemporary way. The color of the brick lends the project a sobriety that enhances its contemporary architecture. The richness of the project lies in the finesse of the details.</p>
<h2 class="sous-titre margetitle3">ADHOC TEAM</h2>
<p>Jean-François St-Onge / Architect, Creative Director<br />
François Martineau / Architect, Technical Manager<br />
Roxanne Boilard-Pesant / Architect, Project Manager<br />
Laurence St-Aubin / Architect<br />
Christian Masse / Senior Technologist, Technical Manager<br />
Sarah Lord / Interior Designer</p>
<h2 class="sous-titre margetitle3">Collaborators</h2>
<p>L2C / Structural consultants</p>

<!-- This site is optimized with the Yoast SEO plugin v27.3 - https://yoast.com/product/yoast-seo-wordpress/ -->
<title>MARIN | ADHOC Architectes</title>
<meta name="description" content="Le travail de la brique réinterprète de façon contemporaine le caractère artisanal des bâtiments de l’époque." />
<meta name="robots" content="index, follow, max-snippet:-1, max-image-preview:large, max-video-preview:-1" />
<link rel="canonical" href="https://adhoc-architectes.com/en/portfolio/marin/" />
<meta property="og:locale" content="en_US" />
<meta property="og:type" content="article" />
<meta property="og:title" content="MARIN | ADHOC Architectes" />
<meta property="og:description" content="Le travail de la brique réinterprète de façon contemporaine le caractère artisanal des bâtiments de l’époque." />
<meta property="og:url" content="https://adhoc-architectes.com/en/portfolio/marin/" />
<meta property="og:site_name" content="ADHOC Architectes" />
<meta property="article:publisher" content="https://www.facebook.com/adhoc.architectes" />
<meta property="article:modified_time" content="2024-12-10T18:53:12+00:00" />
<meta property="og:image" content="https://adhoc-architectes.com/wp-content/uploads/2023/09/ADHOC_MARIN_03_VUE-cuisine_OneirosStudio.jpg" />
	<meta property="og:image:width" content="2500" />
	<meta property="og:image:height" content="1618" />
	<meta property="og:image:type" content="image/jpeg" />
<meta name="twitter:card" content="summary_large_image" />
<meta name="twitter:label1" content="Est. reading time" />
	<meta name="twitter:data1" content="1 minute" />
<script type="application/ld+json" class="yoast-schema-graph">{"@context":"https:\/\/schema.org","@graph":[{"@type":"WebPage","@id":"https:\/\/adhoc-architectes.com\/en\/portfolio\/marin\/","url":"https:\/\/adhoc-architectes.com\/en\/portfolio\/marin\/","name":"MARIN | ADHOC Architectes","isPartOf":{"@id":"https:\/\/adhoc-architectes.com\/en\/#website"},"primaryImageOfPage":{"@id":"https:\/\/adhoc-architectes.com\/en\/portfolio\/marin\/#primaryimage"},"image":{"@id":"https:\/\/adhoc-architectes.com\/en\/portfolio\/marin\/#primaryimage"},"thumbnailUrl":"https:\/\/adhoc-architectes.com\/wp-content\/uploads\/2023\/09\/ADHOC_MARIN_03_VUE-cuisine_OneirosStudio.jpg","datePublished":"2023-09-01T17:50:04+00:00","dateModified":"2024-12-10T18:53:12+00:00","description":"Le travail de la brique réinterprète de façon contemporaine le caractère artisanal des bâtiments de l’époque.","breadcrumb":{"@id":"https:\/\/adhoc-architectes.com\/en\/portfolio\/marin\/#breadcrumb"},"inLanguage":"en-US","potentialAction":[{"@type":"ReadAction","target":["https:\/\/adhoc-architectes.com\/en\/portfolio\/marin\/"]}]},{"@type":"ImageObject","inLanguage":"en-US","@id":"https:\/\/adhoc-architectes.com\/en\/portfolio\/marin\/#primaryimage","url":"https:\/\/adhoc-architectes.com\/wp-content\/uploads\/2023\/09\/ADHOC_MARIN_03_VUE-cuisine_OneirosStudio.jpg","contentUrl":"https:\/\/adhoc-architectes.com\/wp-content\/uploads\/2023\/09\/ADHOC_MARIN_03_VUE-cuisine_OneirosStudio.jpg","width":2500,"height":1618},{"@type":"BreadcrumbList","@id":"https:\/\/adhoc-architectes.com\/en\/portfolio\/marin\/#breadcrumb","itemListElement":[{"@type":"ListItem","position":1,"name":"Accueil","item":"https:\/\/adhoc-architectes.com\/en\/"},{"@type":"ListItem","position":2,"name":"Portfolio","item":"https:\/\/adhoc-architectes.com\/en\/portfolio\/"},{"@type":"ListItem","position":3,"name":"MARIN"}]},{"@type":"WebSite","@id":"https:\/\/adhoc-architectes.com\/en\/#website","url":"https:\/\/adhoc-architectes.com\/en\/","name":"ADHOC Architectes","description":"","publisher":{"@id":"https:\/\/adhoc-architectes.com\/en\/#organization"},"potentialAction":[{"@type":"SearchAction","target":{"@type":"EntryPoint","urlTemplate":"https:\/\/adhoc-architectes.com\/en\/?s={search_term_string}"},"query-input":{"@type":"PropertyValueSpecification","valueRequired":true,"valueName":"search_term_string"}}],"inLanguage":"en-US"},{"@type":"Organization","@id":"https:\/\/adhoc-architectes.com\/en\/#organization","name":"ADHOC Architectes","url":"https:\/\/adhoc-architectes.com\/en\/","logo":{"@type":"ImageObject","inLanguage":"en-US","@id":"https:\/\/adhoc-architectes.com\/en\/#\/schema\/logo\/image\/","url":"https:\/\/adhoc-architectes.com\/wp-content\/uploads\/2015\/04\/ADHOC_FOOTER_95procent-4.jpg","contentUrl":"https:\/\/adhoc-architectes.com\/wp-content\/uploads\/2015\/04\/ADHOC_FOOTER_95procent-4.jpg","width":395,"height":396,"caption":"ADHOC Architectes"},"image":{"@id":"https:\/\/adhoc-architectes.com\/en\/#\/schema\/logo\/image\/"},"sameAs":["https:\/\/www.facebook.com\/adhoc.architectes","https:\/\/www.instagram.com\/adhocarchitectes\/?hl=fr-ca","https:\/\/www.linkedin.com\/company\/adhoc-architectes\/","https:\/\/www.pinterest.ca\/adhoca\/_created\/","https:\/\/www.youtube.com\/channel\/UCrXda1ZnozNhAUV1A-XR7yA\/featured"]}]}</script>
<!-- / Yoast SEO plugin. -->

Le travail de la brique réinterprète de façon contemporaine le caractère artisanal des bâtiments de l’époque.
